t is the hundreds digit of 2655?
6
What is the units digit of 14381?
1
What is the units digit of 38356?
6
What is the hundreds digit of 706?
7
What is the tens digit of 422?
2
What is the hundreds digit of 82771?
7
What is the hundreds digit of 314?
3
What is the units digit of 208?
8
What is the tens digit of 79622?
2
What is the units digit of 1508?
8
What is the thousands digit of 29377?
9
What is the tens digit of 14?
1
What is the hundreds digit of 1675?
6
What is the thousands digit of 30939?
0
What is the units digit of 189?
9
What is the thousands digit of 19768?
9
What is the hundreds digit of 135?
1
What is the units digit of 2932?
2
What is the units digit of 6025?
5
What is the units digit of 7582?
2
What is the hundreds digit of 2144?
1
What is the units digit of 9015?
5
What is the thousands digit of 21268?
1
What is the units digit of 210?
0
What is the units digit of 49913?
3
What is the tens digit of 1174?
7
What is the units digit of 458?
8
What is the hundreds digit of 827?
8
What is the units digit of 10510?
0
What is the tens digit of 20583?
8
What is the tens digit of 1226?
2
What is the thousands digit of 156455?
6
What is the tens digit of 2203?
0
What is the hundreds digit of 647?
6
What is the units digit of 49989?
9
What is the hundreds digit of 1812?
8
What is the tens digit of 684?
8
What is the hundreds digit of 2064?
0
What is the thousands digit of 11611?
1
What is the thousands digit of 9476?
9
What is the tens digit of 18849?
4
What is the hundred thousands digit of 133809?
1
What is the thousands digit of 3180?
3
What is the thousands digit of 10412?
0
What is the units digit of 3797?
7
What is the tens digit of 1964?
6
What is the thousands digit of 39294?
9
What is the thousands digit of 6554?
6
What is the tens digit of 84975?
7
What is the tens digit of 128?
2
What is the tens digit of 2832?
3
What is the tens digit of 23304?
0
What is the units digit of 551?
1
What is the tens digit of 25593?
9
What is the tens digit of 1021?
2
What is the units digit of 12893?
3
What is the thousands digit of 2683?
2
What is the thousands digit of 6797?
6
What is the tens digit of 8548?
4
What is the hundreds digit of 11057?
0
What is the units digit of 2585?
5
What is the hundreds digit of 6560?
5
What is the units digit of 2594?
4
What is the thousands digit of 66110?
6
What is the units digit of 105847?
7
What is the tens digit of 5361?
6
What is the hundreds digit of 702?
7
What is the units digit of 4566?
6
What is the units digit of 17317?
7
What is the hundreds digit of 1133?
1
What is the thousands digit of 6574?
6
What is the units digit of 135?
5
What is the thousands digit of 153575?
3
What is the hundreds digit of 139?
1
What is the thousands digit of 35668?
5
What is the hundreds digit of 1001?
0
What is the units digit of 3205?
5
What is the thousands digit of 11603?
1
What is the units digit of 57018?
8
What is the tens digit of 15261?
6
What is the tens digit of 19256?
5
What is the hundreds digit of 351?
3
What is the hundreds digit of 5828?
8
What is the hundred thousands digit of 147641?
1
What is the hundreds digit of 2712?
7
What is the tens digit of 544?
4
What is the thousands digit of 4405?
4
What is the thousands digit of 9668?
9
What is the hundred thousands digit of 202885?
2
What is the thousands digit of 13119?
3
What is the hundreds digit of 15487?
4
What is the ten thousands digit of 20749?
2
What is the units digit of 510?
0
What is the units digit of 27941?
1
What is the hundreds digit of 1677?
6
What is the tens digit of 7388?
8
What is the units digit of 891?
1
What is the ten thousands digit of 12816?
1
What is the units digit of 18373?
3
What is the units digit of 23453?
3
What is the ten thousands digit of 15272?
1
What is the hundreds digit of 10636?
6
What is the hundreds digit of 44248?
2
What is the ten thousands digit of 23341?
2
What is the hundreds digit of 5496?
4
What is the ten thousands digit of 22811?
2
What is the tens digit of 2369?
6
What is the hundreds digit of 274?
2
What is the hundreds digit of 1499?
4
What is the units digit of 56919?
9
What is the tens digit of 3620?
2
What is the thousands digit of 26886?
6
What is the hundreds digit of 84111?
1
What is the hundreds digit of 10141?
1
What is the tens digit of 5415?
1
What is the units digit of 1234?
4
What is the thousands digit of 4825?
4
What is the ten thousands digit of 26747?
2
What is the units digit of 807?
7
What is the hundreds digit of 2233?
2
What is the units digit of 565?
5
What is the thousands digit of 6881?
6
What is the hundreds digit of 2146?
1
What is the tens digit of 2441?
4
What is the units digit of 32978?
8
What is the tens digit of 47564?
6
What is the hundred thousands digit of 122915?
1
What is the thousands digit of 9516?
9
What is the thousands digit of 6787?
6
What is the thousands digit of 5543?
5
What is the tens digit of 15168?
6
What is the hundreds digit of 80954?
9
What is the units digit of 645?
5
What is the units digit of 23685?
5
What is the hundreds digit of 25401?
4
What is the thousands digit of 22215?
2
What is the units digit of 164?
4
What is the tens digit of 786?
8
What is the ten thousands digit of 27102?
2
What is the tens digit of 5743?
4
What is the hundreds digit of 48361?
3
What is the hundreds digit of 2765?
7
What is the tens digit of 92731?
3
What is the hundreds digit of 104314?
3
What is the units digit of 44440?
0
What is the tens digit of 2996?
9
What is the hundreds digit of 1851?
8
What is the units digit of 6291?
1
What is the tens digit of 26?
2
What is the hundreds digit of 568?
5
What is the tens digit of 9425?
2
What is the hundreds digit of 1649?
6
What is the hundreds digit of 749?
7
What is the thousands digit of 2829?
2
What is the thousands digit of 13386?
3
What is the ten thousands digit of 173931?
7
What is the thousands digit of 17988?
7
What is the hundreds digit of 2442?
4
What is the tens digit of 2177?
7
What is the thousands digit of 19015?
9
What is the units digit of 9215?
5
What is the tens digit of 840?
4
What is the hundreds digit of 42105?
1
What is the tens digit of 4904?
0
What is the hundreds digit of 919?
9
What is the thousands digit of 107559?
7
What is the hundreds digit of 26827?
8
What is the tens digit of 12807?
0
What is the hundreds digit of 12623?
6
What is the units digit of 12328?
8
What is the thousands digit of 4761?
4
What is the hundreds digit of 5574?
5
What is the units digit of 18822?
2
What is the units digit of 6291?
1
What is the thousands digit of 1400?
1
What is the tens digit of 29296?
9
What is the ten thousands digit of 59929?
5
What is the ten thousands digit of 24719?
2
What is the thousands digit of 4076?
4
What is the units digit of 3832?
2
What is the tens digit of 4155?
5
What is the thousands digit of 1700?
1
What is the tens digit of 239?
3
What is the ten thousands digit of 14483?
1
What is the units digit of 6961?
1
What is the tens digit of 890?
9
What is the thousands digit of 18120?
8
What is the hundreds digit of 350?
3
What is the hundreds digit of 20092?
0
What is the units digit of 2232?
2
What is the hundreds digit of 203?
2
What is the hundreds digit of 9520?
5
What is the units digit of 1903?
3
What is the ten thousands digit of 71391?
7
What is the units digit of 510?
0
What is the units digit of 446?
6
What is the units digit of 1996?
6
What is the tens digit of 381?
8
What is the units digit of 3008?
8
What is the tens digit of 475?
7
What is the thousands digit of 2943?
2
What is the ten thousands digit of 16929?
1
What is the ten thousands digit of 42610?
4
What is the thousands digit of 13693?
3
What is the tens digit of 14370?
7
What is the tens digit of 2833?
3
What is the hundreds digit of 1884?
8
What is the units digit of 2099?
9
What is the thousands digit of 96142?
6
What is the tens digit of 5468?
6
What is the tens digit of 58343?
4
What is the hundreds digit of 20616?
6
What is the units digit of 5164?
4
What is the hundreds digit of 138891?
8
What is the hundreds digit of 223?
2
What is the hundreds digit of 125428?
4
What is the units digit of 8027?
7
What is the thousands digit of 136088?
6
What is the units digit of 8537?
7
What is the ten thousands